 of 2/4*-3*p?
2
Let q = 5 - -1. Suppose -5*a = 3*m - q, 4*m + m = a + 38. What is the units digit of m?
7
Suppose 4*u - 198 = -n, -5*n - 160 = -0*u - 3*u. What is the units digit of u?
0
Suppose -3*r + 12 = -3*n, -4*r = -5*r + 2*n + 6. Suppose 11 - r = a. What is the units digit of a?
9
Let c = -6 + 4. Let z be 2*(15/(-6) - c). What is the units digit of (-11)/(-2) + z/2?
5
Suppose 3*b + 6 = -5*j - 8, 2*j + 10 = b. Let a(i) = 3*i**b - 4 + 2 + 1 + 2. What is the tens digit of a(-2)?
1
What is the units digit of -1 + (2 + -90)/(-2)?
3
Let j(i) = -2*i**3 - 2*i**2 - 8*i - 8. What is the units digit of j(-4)?
0
Let p = 8 - 0. Let m be (-4)/p - 175/2. What is the units digit of m/(-10) - 1/(-5)?
9
Let n(h) = -5*h + 78. What is the units digit of n(-5)?
3
Suppose -5*h + p = -3*h - 86, -2*p - 127 = -3*h. Suppose 4*r - h = 31. What is the units digit of r?
9
Suppose -6*j + 2*j = 0. Let o = 0 - j. Suppose t - 5 = -o. What is the units digit of t?
5
Suppose 8*q = 11*q - 42. What is the units digit of q?
4
Suppose -4*d - 115 = 93. Let y = -19 - d. What is the tens digit of y?
3
Let w = -4 + 6. Suppose -5*f = -w*h - 11, -h - 3*f = 3*h - 17. What is the units digit of h?
2
What is the hundreds digit of (12 + -9)*94/(6/3)?
1
Let m = 5 + -3. Suppose 0*b = -m*b + 32. What is the units digit of b?
6
Let c = 114 + -51. What is the units digit of c?
3
Let m = -2 + 0. Let d = m + 8. What is the units digit of d?
6
Let s be 8/14*(-28)/(-8). Suppose 4*n - 12 = s*n. Suppose -2*t = -t - n. What is the units digit of t?
6
Let h(i) be the second derivative of i**8/6720 + i**7/2520 + i**5/12 + i**4/12 + i. Let t(n) be the third derivative of h(n). What is the units digit of t(0)?
0
Suppose 2*p - p = 3. Suppose -r = v - 14, 2*v - 1 - p = 0. What is the tens digit of r?
1
Let i(t) = t**3 - 2*t + 1. What is the units digit of i(3)?
2
Let q = -5 - -8. Let t(r) = r**2 - 2*r. Let f be t(q). Suppose -15 = 3*w, -3*u + 28 = w - f*w. What is the units digit of u?
6
What is the tens digit of (-24)/40 - 1526/(-10)?
5
Let l(z) = -3*z + 3. What is the units digit of l(-5)?
8
Suppose 0 = l - 8*x + 4*x - 25, 5*l + 5*x = 0. Suppose -l*c + c + 20 = 0. Suppose c = 2*k + 2*q - 1, 5*q - 9 = k. What is the units digit of k?
1
Let p = -3 - -3. What is the units digit of 4 - p/(-4)*-1?
4
Let a(j) be the first derivative of -9*j**4/4 - j**3/3 - j**2 - j - 1. What is the units digit of a(-1)?
9
Suppose q - 3*q + 439 = 5*s, -3*q + 4*s = -624. What is the tens digit of q?
1
Let f be 387/27 - (-1)/(-3). Let g = f + 15. What is the tens digit of g?
2
Suppose -4*u + 11*u - 1043 = 0. What is the units digit of u?
9
Let x(m) = 83*m + 1. Let b be x(1). Suppose 2*d - 3*r = 32, 206 = 5*d + 3*r + b. What is the units digit of d?
2
Let c(z) = z - 9. Let a(s) = 8. Let u(v) = 3*a(v) + 2*c(v). Let k be (18/(-10))/(12/(-40)). What is the units digit of u(k)?
8
Let k = -30 + 42. Suppose 3*p = 5*p - k. What is the units digit of p?
6
Suppose 5*d - 135 = -5*j, -5*j + 117 = -2*d - 53. What is the tens digit of j?
3
Suppose d = -3*h + 63, -h + 4*d + 21 = -0*h. Suppose -13 = 4*j - r, -4*j + 2*j + h = 5*r. What is the units digit of (9/6)/((-1)/j)?
3
Suppose 3229 = 17*k - 2704. What is the hundreds digit of k?
3
Let k(d) be the third derivative of -d**6/720 + d**5/15 + d**4/12 - d**2. Let b(z) be the second derivative of k(z). What is the units digit of b(4)?
4
What is the units digit of (-9)/3 - (-7 - 74)?
8
Let d = -3 - -8. Let y be 2*-1 + (-8)/(-1). Suppose y - 1 = d*v. What is the units digit of v?
1
Let d(k) = -k + k**3 + 5 + 0*k - 10*k**2 + 1. Let w be d(10). Let b = w - -11. What is the units digit of b?
7
Suppose 0 = -7*k - 7*k + 1960. What is the tens digit of k?
4
Let b be (-26)/(-10) + (-4)/(-10). Let k(r) = -8*r - 2. Let h be k(-3). Suppose -5*a = -w - h, -b*a - 5*w + 10 = 2*a. What is the units digit of a?
4
Let z be (-6)/(-1)*(-2 + 1). Let f(k) = k**2 + 8*k. Let b(m) = 1. Let x(r) = -2*b(r) - f(r). What is the units digit of x(z)?
0
Let a be 2/4 + (-15)/(-6). Let b(v) = -v - 1. Let l(g) = 6*g - 2. Let n(j) = 2*b(j) + l(j). What is the units digit of n(a)?
8
Let d(x) = -x**3 + 6*x**2 - 7*x - 3. What is the units digit of d(4)?
1
What is the units digit of 3 - (5 + -3) - -22?
3
Let q = -19 - -74. What is the units digit of q?
5
Let f(r) = -r**3 + 9*r**2 + 14*r + 5. Let i(d) = d**3 + d**2 - 2. Let b be i(2). Let s be f(b). Suppose -s = 5*h - 10*h. What is the units digit of h?
9
Suppose a - n = n + 13, a = n + 8. Let x = a + -1. Suppose -w + z + 7 = 0, -5*w + x*z = -23 - 0. What is the units digit of w?
3
Let o be 1/(-3 + 22/7). Let a = -2 + o. Suppose w = -2*y - 0*w + a, -2*w = -2. What is the units digit of y?
2
Let k(w) be the first derivative of w**3/3 + 3*w**2 + 5*w + 4. Let u be k(-5). Suppose -3*s - 9 = -2*r - 35, u = 4*s + 2*r - 30. What is the units digit of s?
8
Let z be 122/18 - 16/(-72). What is the units digit of (16 - z) + -1*3?
6
Let b(x) = -3*x**3 - 18*x**2 - 8*x + 14. What is the hundreds digit of b(-7)?
2
Suppose 5*o - n - 285 = 2*o, -n = 3*o - 291. What is the units digit of o?
6
Let p be 0 + 2*-1 - -4. Suppose 2*l + 0*l - 10 = p*m, 0 = 4*l + 5*m - 29. Let o(n) = n**3 - 5*n**2 - 5*n + 5. What is the units digit of o(l)?
1
Suppose -76 = -6*s + 2*s. Suppose 3*b - 51 = -4*x - s, -4*b + 41 = 5*x. Let u = b - 0. What is the units digit of u?
4
Let a(n) = 9*n - 13. Let g be a(-10). Let v = g - -157. Let m = v - 37. What is the units digit of m?
7
Suppose 17*n + 168 = 19*n. What is the units digit of n?
4
Let u(g) = -g**3 + 3*g**2 + 2*g. Let r be u(3). Let d(t) = t**2 - 3*t - 6. Let i be d(r). Suppose 8*z - 5*z = i. What is the units digit of z?
4
Let k be 14*(225/(-6))/3. What is the units digit of 9/(-12) - k/4?
3
Suppose 2*y - 28 = 100. Let b be y/4*2/4. Let i = b + 1. What is the units digit of i?
9
Suppose 4*j + 0*p - 476 = -2*p, -4*j = 5*p - 488. What is the units digit of j?
7
What is the units digit of (7 - 1)/((-16)/(-8))?
3
Suppose 3 = -0*h + h. Let o = h + 0. Suppose o*p - 3*n = -6*n + 15, -n = -5*p + 31. What is the units digit of p?
6
Let d(z) = -27*z + 27. What is the units digit of d(-4)?
5
Suppose v - d = -119, 0*v - 341 = 3*v + 5*d. Let b = 180 + v. What is the units digit of ((-1)/(-3))/(3/b)?
7
Let k be 2/3 - 8/12. What is the units digit of (14/4 + k)*2?
7
Let h = 40 - -15. What is the tens digit of h?
5
Let p = 689 + -460. What is the tens digit of p?
2
Let k(w) = 14*w**3 + 3*w**2 + 14*w + 14. Let i(a) = -5*a**3 - a**2 - 5*a - 5. Let c(n) = -17*i(n) - 6*k(n). What is the units digit of c(3)?
2
Suppose 2*w - 5*a - 15 = -0*w, 0 = -3*w + 4*a + 19. What is the units digit of w?
5
Let o(l) = l**3 - 9*l**2 - 7*l + 4. What is the tens digit of o(10)?
3
Suppose x - 36 - 29 = d, -2*x - 325 = 5*d. Let o = -20 - d. What is the tens digit of o?
4
Suppose -4*r + 0*r - 178 = -2*b, -4*r - 259 = -3*b. What is the units digit of b?
1
Let z be 22 + -1*0/(-4). Suppose 2*o = 4 + z. What is the units digit of o?
3
Suppose -2*o - 62 = 3*g, -2*g - 3*o + 10 = 48. Let a = 33 + g. What is the units digit of a?
1
Suppose -4*j + 397 = 5*m, 3*j - m + 2*m - 284 = 0. What is the units digit of j?
3
Let l = -4 + 6. What is the units digit of l?
2
Suppose 6 = 4*x - 3*d + 2, -1 = -x + 3*d. Let r = 19 + x. What is the units digit of r?
0
Suppose 3*c = -0*c + 12, -5*c = 5*v - 440. Suppose 4*q + 2*j = v, q + 3*j - 50 = -q. What is the tens digit of q?
1
Suppose 2*h - 15 = -q, -q + 14 = 5*h - 22. Let n be (-4 + h)*(-14)/(-3). What is the tens digit of n - (4/(-1))/(-2)?
1
Let p = 5 - 1. Suppose 0 = -0*z + p*z - 20. What is the units digit of z?
5
Suppose i + 11 = 2*i. Let a(n) be the second derivative of n**3/6 - 5*n**2/2 - n. What is the units digit of a(i)?
6
Suppose 0 = -7*m + 5*m. Suppose m = 3*k - 0*k - 27. What is the units digit of k?
9
Suppose -t + 10 = 4*t. Suppose -1 + 0 = -n, -t*v - 5*n + 17 = 0. What is the units digit of v?
6
Let r be 2/(-7) + 1138/14. Suppose 0 = h - 1, -r = -4*g + 3*h - 12. What is the tens digit of g?
1
Suppose 0 = 4*n - h - 208, -141 = -3*n - 0*n - 3*h. What is the tens digit of n?
5
What is the tens digit of -1 - -6*(-1 - -26)?
4
What is the tens digit of 4 + 51/(-9)*-3?
2
Let d(k) = k**2 - 1. Let w(m) = m**3 + 2*m**2 - 3*m - 3. Let j be w(-2). Let f be d(j). What is the un